of 968 and 110899404.
484
Calculate the highest common divisor of 108543 and 4045931.
373
Calculate the greatest common divisor of 382212 and 459.
27
What is the highest common factor of 11470939 and 123?
41
Calculate the greatest common factor of 35 and 216146.
7
What is the highest common divisor of 2980 and 40060?
20
Calculate the highest common divisor of 81191 and 9211.
61
Calculate the highest common divisor of 28 and 57151984.
4
What is the highest common divisor of 2009 and 3143301?
49
What is the greatest common divisor of 51 and 9590329?
17
What is the greatest common divisor of 61136156 and 4?
4
What is the highest common divisor of 65740 and 8620?
20
Calculate the highest common divisor of 680 and 380696130.
170
Calculate the greatest common factor of 7940 and 229069.
397
Calculate the greatest common divisor of 3844907 and 1115257.
7799
Calculate the highest common factor of 1005940 and 60420.
1060
What is the highest common factor of 704429245 and 26?
13
What is the greatest common divisor of 11524 and 9311727?
67
Calculate the highest common factor of 280915 and 11875.
95
Calculate the greatest common factor of 25498 and 113278.
418
What is the greatest common factor of 290 and 651453970?
290
Calculate the highest common divisor of 34368160 and 140.
20
What is the highest common divisor of 16244 and 3460592?
124
What is the greatest common divisor of 564 and 13934607?
141
Calculate the highest common factor of 6088902 and 12.
6
What is the highest common divisor of 231042000 and 630?
210
What is the highest common divisor of 16554 and 4237638?
186
What is the greatest common divisor of 133802625 and 105072?
6567
What is the highest common factor of 2780 and 55927345?
695
Calculate the greatest common factor of 1436057775 and 675.
675
Calculate the greatest common divisor of 14273008 and 38144.
2384
What is the highest common factor of 187 and 104623712?
17
What is the highest common factor of 612 and 169660?
68
What is the greatest common divisor of 16421209 and 21?
7
What is the greatest common divisor of 388 and 2967521?
97
What is the highest common divisor of 33 and 4790409?
3
What is the greatest common factor of 150160716 and 1296?
324
Calculate the highest common divisor of 700 and 136108.
28
What is the highest common factor of 23489 and 77273?
83
Calculate the greatest common factor of 17811822 and 147.
21
Calculate the greatest common factor of 46683234 and 78.
78
What is the greatest common divisor of 416847 and 69?
3
Calculate the highest common factor of 868 and 52091284.
868
What is the highest common divisor of 429300 and 73800?
900
Calculate the greatest common factor of 121728443 and 2461.
2461
Calculate the highest common factor of 1493866245 and 510.
255
Calculate the highest common divisor of 81 and 43203942.
81
Calculate the highest common divisor of 72625 and 252875.
875
Calculate the greatest common divisor of 1529 and 297659604.
1529
Calculate the greatest common factor of 1481050 and 15200.
950
Calculate the highest common divisor of 3946518 and 258.
6
What is the highest common divisor of 281364020 and 47530?
6790
Calculate the greatest common divisor of 18025056 and 192.
96
What is the greatest common factor of 2166 and 13553384?
722
Calculate the greatest common divisor of 228591 and 78.
3
Calculate the greatest common divisor of 193465308 and 108.
12
Calculate the highest common divisor of 1480 and 207465.
5
Calculate the highest common divisor of 882205 and 172645.
365
What is the greatest common factor of 14463100 and 4?
4
What is the greatest common divisor of 185495777 and 251?
251
Calculate the highest common factor of 194811 and 3.
3
What is the greatest common factor of 38842748 and 1554?
518
What is the greatest common factor of 7086785 and 1475?
295
What is the highest common factor of 2750 and 11749650?
550
Calculate the greatest common divisor of 11373453 and 1134.
567
What is the highest common factor of 4830546 and 714?
42
Calculate the greatest common factor of 76463695 and 2299.
209
Calculate the greatest common factor of 725 and 3175935.
145
What is the greatest common factor of 817462062 and 18?
18
What is the highest common divisor of 176948 and 32488?
124
Calculate the highest common factor of 3212 and 167946647.
803
Calculate the highest common divisor of 216302662 and 68.
34
What is the greatest common factor of 77021984 and 416?
416
Calculate the greatest common divisor of 10449 and 1647459.
3483
What is the highest common factor of 1557 and 65747439?
1557
What is the greatest common divisor of 2728174 and 4383?
487
Calculate the greatest common divisor of 18444805 and 4580.
1145
What is the highest common factor of 238 and 6792316?
34
What is the highest common factor of 14565122 and 44?
22
Calculate the greatest common factor of 2511080 and 264.
88
Calculate the greatest common factor of 1250 and 442850.
50
Calculate the highest common factor of 240533904 and 4992.
624
Calculate the greatest common divisor of 165859859 and 33.
11
Calculate the highest common factor of 78355 and 343.
1
Calculate the greatest common divisor of 270478 and 2457936.
2626
What is the greatest common divisor of 21 and 58008167?
7
Calculate the greatest common factor of 9020 and 114860.
20
Calculate the greatest common divisor of 206449 and 140075.
431
What is the greatest common factor of 1166052032 and 1088?
1088
What is the greatest common factor of 60 and 384495180?
60
What is the greatest common divisor of 844480 and 2786030?
3770
What is the highest common divisor of 60 and 122895510?
30
Calculate the greatest common factor of 2720 and 11329820.
340
What is the greatest common factor of 21 and 13074720?
3
Calculate the greatest common factor of 105754 and 32655722.
5566
What is the greatest common divisor of 313 and 900675341?
313
Calculate the highest common factor of 172 and 5955199.
43
What is the greatest common divisor of 1836506 and 21957?
563
Calculate the highest common factor of 41991 and 3288.
3
Calculate the highest common factor of 8019 and 2146221.
99
Calculate the highest common factor of 10473648 and 96.
48
What is the greatest common factor of 226055097 and 27?
27
Calculate the greatest common divisor of 1735790 and 8750.
70
Calculate the highest common factor of 1542 and 30515666.
514
Calculate the highest common factor of 5040 and 264293820.
1260
What is the highest common divisor of 10849 and 58919?
19
Calculate the highest common divisor of 79914621 and 31.
31
Calculate the greatest common divisor of 1439869 and 621.
23
What is the greatest common factor of 9330 and 22180520?
3110
What is the greatest common divisor of 752 and 5225776?
16
What is the highest common factor of 61817377 and 10598?
757
Calculate the highest common factor of 250 and 107852050.
50
What is the highest common divisor of 2889 and 14063759?
107
Calculate the greatest common divisor of 5389782 and 30.
6
Calculate the greatest common factor of 7 and 9402719.
1
What is the highest common divisor of 20315 and 67745?
85
What is the highest common divisor of 19263312 and 40077?
549
Calculate the highest common divisor of 2867928 and 45752.
2408
What is the greatest common factor of 90 and 85943070?
90
Calculate the highest common factor of 9 and 984323.
1
What is the greatest common divisor of 65172 and 143508?
12
Calculate the greatest common divisor of 58156 and 1008.
28
What is the greatest common divisor of 299157980 and 2420?
2420
Calculate the greatest common divisor of 124 and 67818731.
31
Calculate the highest common factor of 44484 and 9281991.
1011
What is the greatest common divisor of 162716576 and 44?
44
What is the greatest common divisor of 13 and 538562531?
13
What is the highest common factor of 350910 and 20160?
630
Calculate the greatest common divisor of 10412 and 99075386.
5206
What is the highest common factor of 6 and 219929412?
6
What is the greatest common factor of 10704 and 32993742?
1338
What is the highest common divisor of 15875 and 403733?
127
What is the greatest common factor of 13590 and 6210?
90
What is the greatest common divisor of 209 and 8624024?
19
What is the highest common divisor of 184944445 and 1190?
595
Calculate the greatest common divisor of 132640 and 344